*f + 15546. Calculate w(-5).
6
Let p(n) = -308*n - 2148. Calculate p(-7).
8
Let h(g) = 11687*g + 783087. Calculate h(-67).
58
Let p(r) = -1904*r + 2121. Calculate p(1).
217
Let t(r) = 55929*r - 559279. What is t(10)?
11
Let a(f) = -5*f**2 + 176*f + 7852. What is a(-26)?
-104
Let f(v) = -2*v**2 + 69*v - 63. Determine f(33).
36
Let n(u) = -118*u**2 - 34221*u - 119. Give n(-290).
171
Let o(j) = -j**3 - 3*j**2 + 940. Calculate o(0).
940
Let c(z) = 7*z**3 + 2973*z**2 + 31052*z + 827. Calculate c(-414).
-1
Let v(s) = -s**2 + 6275*s + 62778. What is v(-10)?
-72
Let g(f) = 74368*f - 2677242. What is g(36)?
6
Let i(h) = 300*h + 8918. What is i(-44)?
-4282
Let x(z) = 63*z**3 + 2*z**2 + 20*z - 24. Give x(1).
61
Let j(v) = -4*v**2 + 9465*v - 18915. Give j(2).
-1
Let f(b) = 7881*b + 598958. Give f(-76).
2
Let i(d) = 270*d**2 - 267*d + 263. Calculate i(1).
266
Let z(q) = 9072*q - 1106851. What is z(122)?
-67
Let d(u) = 4438*u + 7408. Give d(-2).
-1468
Let s(k) = -k**2 - 28*k - 171. What is s(-26)?
-119
Let x(h) = 721354*h + 2885407. What is x(-4)?
-9
Let w(g) = 402*g - 3487. Determine w(10).
533
Let z(u) = -u**3 - 41*u**2 - 312*u + 1136. Calculate z(-29).
92
Let b(f) = -6*f**3 - 41*f**2 - 154*f - 1113. What is b(-7)?
14
Let y(c) = 18989*c**2 + 208899*c - 9. Give y(-11).
-229
Let x(y) = -9043*y + 8878. What is x(1)?
-165
Let m(b) = -6336*b + 329473. Give m(52).
1
Let i(w) = w**3 + 18*w**2 + 428*w - 4376. Give i(8).
712
Let u(h) = 944*h**2 - 5665*h + 9. What is u(6)?
3
Let l(f) = 230*f - 41827. Determine l(182).
33
Let u(s) = -s**3 + 29*s**2 - 44*s + 3686. Determine u(31).
400
Let l(o) = o**3 - 20*o**2 - 1194*o - 232. What is l(46)?
-140
Let k(b) = 87*b**2 + 28518*b - 5920. Calculate k(-328).
-16
Let h(x) = 3*x**3 - 8*x**2 + 19*x - 87. What is h(6)?
387
Let f(s) = s**3 - 20*s**2 - 1133*s - 258. Determine f(-25).
-58
Let f(i) = 2*i**3 + 431*i**2 - 631*i + 3797. Determine f(-217).
-543
Let z(d) = 2*d**3 + 215*d**2 + 189*d + 32044. Give z(-108).
-32
Let k(s) = -20*s**2 - 22*s + 1151. Give k(7).
17
Let p(j) = 142745*j + 142744. Determine p(-1).
-1
Let d(w) = w**3 - 55*w**2 - 1631*w + 89672. What is d(55)?
-33
Let p(i) = -27371*i + 1450910. Determine p(53).
247
Let q(z) = -3*z**2 + 40*z - 38. What is q(1)?
-1
Let j(p) = 47474*p - 807074. Determine j(17).
-16
Let z(j) = 9*j**3 - 245*j**2 + 2733*j - 72300. What is z(27)?
33
Let d(w) = 2*w**3 - 39*w**2 + 289*w - 6384. What is d(21)?
1008
Let u(q) = 78*q**2 - 86*q - 177. Determine u(-2).
307
Let r(x) = 51252*x - 358588. Give r(7).
176
Let n(w) = -w**3 + w**2 + 47*w - 181. Determine n(-8).
19
Let m(v) = 13*v**2 - 717*v - 516. Determine m(56).
100
Let b(j) = -j**3 - 1603*j**2 + 3135*j - 120371. Give b(-1605).
4
Let i(d) = -872*d - 122957. Give i(-141).
-5
Let p(d) = -d**3 - 55251*d**2 - 2153268*d. Calculate p(-39).
0
Let a(c) = -c**3 + 14*c**2 - 181*c + 2246. What is a(13)?
62
Let s(d) = -137*d**2 + 419*d + 20. What is s(4)?
-496
Let h(b) = -340*b + 875. Give h(5).
-825
Let t(w) = -w**3 - 19*w**2 + 33*w - 13. Calculate t(5).
-448
Let k(g) = -2*g**2 + 1534*g + 245655. Give k(-136).
39
Let p(o) = o**3 - 10*o**2 + 8*o - 635. Give p(13).
-24
Let n(o) = -69649*o - 766216. Give n(-11).
-77
Let x(b) = -2*b**2 + 175*b - 4314. Give x(45).
-489
Let x(j) = 2*j**2 - 13473*j + 827649. What is x(62)?
11
Let h(j) = -50*j**2 - 2649*j - 7497. Give h(-3).
0
Let n(j) = 3*j**2 - 537*j - 4766. Calculate n(185).
-1436
Let w(i) = 52519*i - 367624. Calculate w(7).
9
Let t(d) = -d**3 + 7*d**2 + 227041*d - 494. Give t(480).
-14
Let k(d) = -d**3 + 12*d**2 - 239*d + 1427. Give k(7).
-1
Let h(f) = -32*f**2 - 84*f + 702. Give h(9).
-2646
Let w(p) = 556*p + 9570. What is w(-16)?
674
Let a(z) = 8*z**2 - 25661*z + 204783. Determine a(8).
7
Let w(c) = -142175*c - 24454102. Give w(-172).
-2
Let b(f) = 11327*f + 407341. Determine b(-36).
-431
Let p(y) = -2889*y**2 - 196*y + 216. Give p(1).
-2869
Let y(t) = -3*t**2 - 2018*t - 54186. What is y(-28)?
-34
Let c(t) = -3*t**2 - 3122*t - 33983. What is c(-11)?
-4
Let f(a) = -2*a**3 + 243*a**2 - 7317*a - 605. Calculate f(66).
-11
Let r(d) = d**2 - 330*d + 10284. Determine r(35).
-41
Let x(o) = -53*o - 2692. What is x(-62)?
594
Let i(h) = 3*h**3 + 3814*h**2 - 2464*h + 101758. Calculate i(-1272).
-2
Let y(a) = -255*a + 555. Give y(5).
-720
Let n(m) = -2*m**3 + 309*m**2 + 138492*m + 213. Give n(-197).
16
Let j(p) = -783*p - 89. What is j(-2)?
1477
Let t(n) = -26*n**2 - 1731*n + 4333. What is t(-69)?
-14
Let f(r) = -76*r + 3405. Calculate f(41).
289
Let u(s) = 316*s - 2698. What is u(8)?
-170
Let h(l) = -145*l + 24347. Determine h(170).
-303
Let f(o) = -10870*o**2 - 32592*o + 23. Determine f(-3).
-31
Let f(z) = 979*z - 17907. Determine f(18).
-285
Let c(n) = -596*n + 4954. What is c(2)?
3762
Let u(p) = -482*p - 2865. Give u(-5).
-455
Let x(u) = u**3 + 31*u**2 + 634*u + 16704. Determine x(-29).
0
Let d(g) = -18*g**3 - g**2 - 22*g + 71. Give d(3).
-490
Let m(x) = -2*x**3 + 128*x**2 + 11*x - 754. Give m(64).
-50
Let t(r) = -798*r - 9690. What is t(-12)?
-114
Let x(y) = -595*y - 6081. What is x(-10)?
-131
Let o(j) = 15*j**2 - 47*j - 73. Give o(4).
-21
Let h(a) = a**3 - 122*a**2 + 1005*a + 1350. Determine h(113).
-6
Let t(h) = 6245*h + 70939. Give t(-11).
2244
Let a(l) = l**2 + 943*l + 17454. What is a(-19)?
-102
Let s(y) = 3*y**2 + 290*y - 13552. Determine s(41).
3381
Let n(k) = -27*k**3 - 281*k**2 - 142*k - 14. Give n(-10).
306
Let f(l) = -l**3 + 21*l**2 - 111*l + 611. Give f(16).
115
Let d(k) = -6763*k - 5723. What is d(-1)?
1040
Let u(r) = 6*r**3 - 38*r**2 - 368*r + 2985. Calculate u(9).
969
Let k(w) = 1689*w + 43348. Determine k(-26).
-566
Let x(i) = 5694*i + 176503. Determine x(-31).
-11
Let n(k) = 28*k**2 - 5864*k + 275. What is n(209)?
-2233
Let q(d) = 87456*d + 437143. Calculate q(-5).
-137
Let s(t) = 21*t**2 - 441*t - 782. Give s(23).
184
Let i(m) = 10*m**3 - 40*m**2 + 39. Give i(4).
39
Let w(l) = l**3 - 37*l**2 + 207*l + 1277. What is w(-6)?
-1513
Let h(l) = -37436*l - 711283. Determine h(-19).
1
Let z(m) = 1755*m + 79008. Give z(-45).
33
Let w(x) = 144*x**2 - 102*x + 30. Give w(-4).
2742
Let x(y) = -y**3 - 73*y**2 + 11*y + 13315. What is x(-71)?
2452
Let y(f) = -1453*f + 36401. Determine y(25).
76
Let z(w) = w**2 + 718*w - 15158. Calculate z(20).
-398
Let p(d) = 1434*d + 157675. Determine p(-110).
-65
Let x(v) = -5364*v - 514863. Calculate x(-96).
81
Let w(l) = -65748*l - 328844. Determine w(-5).
-104
Let c(g) = g**3 + 178*g**2 - 2901*g - 218. What is c(-193)?
940
Let w(f) = 2546*f + 102152. Calculate w(-40).
312
Let k(r) = 2*r**2 - 3373*r - 37339. Determine k(-11).
6
Let d(a) = 8*a**3 - 78*a**2 + 1497*a - 17676. Give d(11).
1
Let g(z) = 4035132*z + 40351330. Determine g(-10).
10
Let j(u) = 227757*u - 2505314. Give j(11).
13
Let d(m) = -110*m**3 - 15*m**2 + 53*m - 39. Calculate d(1).
-111
Let u(z) = z**2 + 14*z - 772. Calculate u(41).
1483
Let u(p) = p**2 + 1436*p + 62549. What is u(-45)?
-46
Let o(b) = -620*b**2 + 615*b - 16. Determine o(-2).
-3726
Let b(a) = -4*a**2 + 8672*a + 69559. Give b(-8).
-73
Let u(b) = -2*b**3 - 14*b**2 - 1504*b - 12158. Determine u(-8).
2
Let t(l) = l**3 - 44*l**2 + 157*l - 766. Calculate t(42).
2300
Let x(p) = -4090088*p + 20450425. What is x(5)?
-15
Let o(k) = 10346*k - 931106. Calculate o(90).
34
Let l(s) = -s**2 + 3297*s - 847487. Give l(281).
9
Let o(t) = -9*t**2 + 261*t + 2898. Give o(41).
-1530
Let c(u) = -6*u**2 - 93*u - 492. Determine c(-10).
-162
Let c(i) = -7*i**2 + 23*i + 512. Give c(-6).
122
Let h(o) = 129*o + 301. Determine h(7).
1204
Let z(n) = 123*n**2 + 4941*n + 613. Determine z(-40).
-227
Let c(i) = 3*i**2 + 538*i + 16422. Calculate c(-39).
3
Let d(c) = c**3 + 13*c**2 - 2*c + 91. Determine d(-13).
117
Let z(k) = 9*k**2 + 671*k + 260. Determine z(-79).
3420
Let c(l) = 99*l**2 + 3799*l + 20121. Determine c(-32).
-71
Let s(q) = -91*q**3 - 36*q**2 - 18*q - 4. Determine s(-2).
616
Let l(u) = -163*u + 28057. Calculate l(170).
347
Let k(a) = -2*a**2 - 430*a - 1697. Calculate k(-4).
-9
Let u(z) = -20*z**3 - 148*z**2 + 836*z - 8. What is u(6)?
-4640
Let k(v) = -v**3 + 52*v**2 - 275*v + 906. Give k(46).
952
Let q(i) = i**2 - 23490*i - 329054. Determine q(-14).
2
Let u(j) = -2*j**3 - 98*j**2 - 35*j + 3123. What is u(-48)?
195
Let m(v) = v**2 - 152*v + 5614. What is m(97)